+ d + 11 = 0, 5*w - 20 = -d - 4*d. What is the tens digit of x(w)?
3
Suppose 9*d - 25 = 4*d. Suppose d*n = -k + 14, 2*n - 6*n = 5*k - 28. Let b(r) = 4*r + 2. What is the units digit of b(n)?
0
Suppose -5*q - 5 = -n, 2*q - 5*n + 15 = -10. Suppose 3*c + 0*y = 4*y + 90, -4*y + 66 = 3*c. What is the tens digit of q + -1 + c/1?
2
What is the tens digit of 3/24 - (-282810)/176?
0
Let s(x) = 9*x**2 + 45*x - 134. What is the thousands digit of s(16)?
2
Suppose 7 = -4*t + 67. Suppose 2*s - s - t = 0. Suppose -13 = -4*b + s. What is the units digit of b?
7
Let k be 165/(-110)*(-4)/(-3). Let o(l) = -5*l. Let b be o(6). Let i = k - b. What is the tens digit of i?
2
Let l(u) = u**3 - 9*u**2 + 2*u - 21. Let y be l(9). Let i be 3 - (-4)/(-12)*y. Suppose i*m - 22 + 96 = 3*h, h = 3*m + 28. What is the tens digit of h?
2
Suppose 96 = 3*x + 5*h, -x + 8 + 24 = -2*h. Suppose -10 = 5*g, 3*c - g - 1 = 4*c. Let j = c + x. What is the units digit of j?
3
Let v(g) = -77*g - 16. Let s be v(-5). Let u = s + -184. What is the hundreds digit of u?
1
Suppose -4*k - 16 = -7*k + l, 0 = 2*k - 3*l - 20. Suppose 40 = k*b + 6*b. What is the units digit of b?
4
Suppose -4 = -3*i + 2. Suppose 2*v + 6 = i. What is the units digit of (10/15)/(v/(-6))?
2
Suppose -15*d + 5*n = -10*d - 5310, -4*d - 5*n + 4230 = 0. What is the thousands digit of d?
1
Let f(q) be the second derivative of -q**5/20 + 5*q**2/2 - 4*q. Let w be f(0). Suppose 0 = w*d - 4*d - 14. What is the units digit of d?
4
Let u(c) = c**3 - 5*c**2 - 5*c + 9. Let w = -9 - -15. Let b be u(w). Suppose 0 = 3*g - 5*l - 85, b = 2*g - g + l. What is the tens digit of g?
2
Let z be 14/35 + 34/(-10). What is the tens digit of ((-125)/15*z)/1?
2
Suppose -3*p = -5*x + 19, -2*p - 2*p + 33 = 5*x. Suppose 0 + 98 = h - x*r, r = 2. What is the units digit of h?
8
Let i = -28 - -109. Suppose -3*v - i + 483 = 0. What is the hundreds digit of v?
1
Let u = -473 + 779. What is the hundreds digit of u?
3
Let i(y) = -y**2 - 39*y + 28. What is the hundreds digit of i(-27)?
3
Let x(w) = -4*w**2 - w + 1. Let g be x(2). Suppose -3*j + 9 = -3. What is the tens digit of (-4)/(j/g) - -2?
1
Suppose 10 = 3*t + 1. Let v be t + 1 - 1 - 8. What is the units digit of -2*(-3)/(-6)*v?
5
Let h be (54/8)/(7/(-84)). Let q = 125 + h. What is the units digit of q?
4
Let v(s) = 259*s + 85. What is the thousands digit of v(18)?
4
Suppose -564 = -3*j - 3*g, 4*j + 16*g = 19*g + 738. What is the tens digit of j?
8
Let d(g) = 7*g**2 - g + 1. Suppose -2*v = -4*u - 16 - 4, u + 15 = 3*v. What is the units digit of d(u)?
7
Let c = -970 - -1514. What is the hundreds digit of c?
5
Let w(j) = -10*j**3 - j**2 + 1. Let q be w(1). Let k = q - -39. Let x = -5 + k. What is the units digit of x?
4
Let q = -36 - -34. Let j be 24/(-4 - 11/q). Let r = j - 13. What is the units digit of r?
3
Let z(k) = -7*k. Let t be z(-4). Let a = -15 + t. Let m = a - 5. What is the units digit of m?
8
Suppose 0 = -3*g - 4*b + 267 + 161, 3*b = 5*g - 752. What is the hundreds digit of g?
1
Suppose -6*y + 11*y = 445. What is the tens digit of (y + 1)*((-27)/(-6))/9?
4
Suppose -c - s = 0, 5*c - 12 = -0*c + s. Suppose b - 4 = 5*t + 144, -226 = -c*b - 4*t. What is the hundreds digit of b?
1
Let l = -10 - -11. Let n be 43 + (1 - (2 + l)). Suppose -3*d + 3*q - q = -64, 3*q + n = 2*d. What is the units digit of d?
2
Suppose -5 = c, 2162 = 2*v + 2*c - 1856. What is the tens digit of v?
1
Let k = 137 + -48. What is the tens digit of k?
8
Suppose -24 = -5*a + 1. Suppose -3*q - 2*f + f = -66, 0 = a*f. What is the tens digit of q?
2
Let m(w) = -11*w + 82. What is the units digit of m(-9)?
1
Suppose 0*y + 7 = -y. Suppose -5*f - 34 = 61. Let r = y - f. What is the units digit of r?
2
Suppose -d + 3 = 0, 4*p - 11*d = -6*d + 7097. What is the tens digit of p?
7
Let k(t) = 3*t**2 - 3*t - 8. Let x be k(4). Let s = x + -11. What is the tens digit of s?
1
Let p be (4/2 + 0)/((-4)/(-10)). Suppose 0 = n + 3*n - 3*c - 275, -p*n + 2*c + 335 = 0. What is the units digit of n?
5
Let t(n) = -3*n**2 + 19*n - 11. Let b be t(-9). What is the units digit of (-6)/(30/b) - 2*-1?
7
Let d = 2474 - 1537. What is the hundreds digit of d?
9
Let i(c) = 4*c**3 - c**2 - 4*c + 1. Let n be i(2). Suppose 15*p = n*p - 828. What is the tens digit of p?
3
Suppose -78*a - 16992 = -90*a. What is the thousands digit of a?
1
Suppose 7*p - 2*p = 5*d - 1495, -d = p - 289. Suppose -5*u + 370 = l - 6*l, 0 = -4*u + 5*l + d. What is the units digit of u?
6
Let c = 34 - 83. Let x = -21 - c. What is the tens digit of x?
2
Let o = 1302 + -1096. What is the tens digit of o?
0
Let p be -1 - 1 - (-1 + -1) - -475. Suppose 5*x = 3*i - 575, -p = -4*i + x + 269. What is the units digit of i?
5
Let q(m) = -m + 7. Let o be q(5). Let j(l) = -l**3 + l**2 - l. Let d be j(o). What is the tens digit of d/(-4) + 54/4?
1
Let f(y) = 99*y**3 + 2*y**2 + y. Let z(m) = 198*m**3 + 4*m**2 + 3*m. Let j(x) = 5*f(x) - 2*z(x). What is the units digit of j(1)?
0
Let m = -15 - -147. Let q = m - 68. What is the units digit of q?
4
Let q = -50 - -348. What is the units digit of q?
8
Suppose -3*x - 2*m = -14483, 23*x - 9670 = 21*x - 5*m. What is the thousands digit of x?
4
Let t = 1043 + -695. What is the tens digit of t?
4
Let g(p) = 6 + 2 - 1 - 15*p - 6. What is the units digit of g(-3)?
6
Let o(a) = a**2 - 5*a - 10. Let c be o(7). Suppose -12 = -c*j - 16. What is the tens digit of j - -4*(14 + 1)?
5
Let s = -64 - -106. Let n be 1/6 - (-161)/s. Suppose 4*z = -20, 0*l - n*z = -2*l + 30. What is the units digit of l?
5
Let h = 18 - -163. What is the hundreds digit of h?
1
Let b be 4/2*(-100)/(-8). Suppose 0*z = -5*z + b. Suppose 4*a = 2*s + 2*s, 2*a = -z*s + 28. What is the units digit of s?
4
What is the hundreds digit of (3 - (5 - -2143)/(-4)) + -3?
5
Suppose -3*b - b = 5*l + 29, 43 = -3*l + 4*b. Let m(p) = -200*p - 20. Let o be m(-18). What is the tens digit of (-2)/l + o/90?
4
Let s(o) = o**2 - 6*o - 8. Let c be s(8). Let y = c - 2. What is the units digit of (-4)/6*(-63 - y)?
6
Let u(z) be the second derivative of 11*z**4 - 5*z**3/6 - 2*z**2 + 11*z. What is the hundreds digit of u(-1)?
1
Let k = 672 + -1008. Let w = -215 - k. What is the tens digit of w?
2
Suppose -240*j = -244*j + 5444. What is the units digit of j?
1
Let t(n) = n - 6. Let p be 19/2 - (-15)/(-10). Let y be t(p). Suppose 0 = s - 3*x + 7, -y*x - 3*x = -3*s - 1. What is the units digit of s?
8
Let j be -2*(-3 + (5 - 1) + -4). Suppose 5*t - t - 16 = 0. Suppose t*a - j = 3*a. What is the units digit of a?
6
Let r(j) = -2*j**3 - j**2 - 9*j + 14. Let b be r(-9). Suppose 32 - b = -5*y. What is the hundreds digit of y?
2
Let s(o) = o**2 - 5*o - 1. Let m(v) = -v**2 - 7*v + 5. Let l be m(-7). Let h be s(l). What is the units digit of 7/2 - h/2?
4
What is the units digit of (32/44)/4 + (-3528)/(-77)?
6
Let w(r) = -4*r - 16. Let u be w(-10). Let k = -16 + u. What is the units digit of k?
8
Let z(n) be the second derivative of -n**4/12 - 5*n**3/6 - 3*n**2/2 - 7*n. Let v be z(-6). What is the tens digit of ((-12)/v)/(2/21)?
1
Suppose 3*u - 4*r - 5 = 13, 32 = 2*u + 4*r. Let b(j) = -j**3 + 11*j**2 - 3*j + 8. What is the units digit of b(u)?
8
Let q be 718/4 + (-6)/(-4). Let h = -125 + q. What is the tens digit of h?
5
Let v = -19 - -15. Let s(j) = 6*j - 13. Let o(g) = 18*g - 39. Let u(z) = v*o(z) + 11*s(z). What is the tens digit of u(-7)?
5
What is the tens digit of 4/(260/(-247))*-285?
8
Let z be 10*(4 - 44/8)*-1. Suppose -z*f + 1608 = -1617. What is the units digit of f?
5
Let i = 16 - 14. Suppose -n - i*d + 6*d - 7 = 0, n + 2*d = -7. Let s = n + 15. What is the units digit of s?
8
Suppose -3*j - 40 = -8*j. What is the units digit of (-2 + j/7)*-98?
4
Let x = -716 - -1333. What is the tens digit of x?
1
Suppose 3*g - 4*r - 22 = 0, 2*g = r + 9 - 1. Let d be g/(-3)*(-39)/1. Suppose -2*o + 2 = -d. What is the units digit of o?
4
Suppose 3*n + 3*x = 369 + 537, 0 = -x. Suppose 4*d - 331 - 76 = 3*u, -3*d - u + n = 0. What is the tens digit of d?
0
Let u = -313 + 405. Let l be (34 - (-2)/(-1))/(-1). Let c = l + u. What is the units digit of c?
0
Let r = -1889 + 3144. What is the hundreds digit of r?
2
Let r be (-4)/(-4) + 4/1. Suppose r*o + 171 = -44. Let k = 121 + o. What is the units digit of k?
8
Let j be -4 + (10 - 1) - -519. Suppose 